-8*m + y = -6767. Let d = m - -164. Is d a composite number?
False
Let w be 246*(40/(-12) + 3). Let d = 86 + w. Suppose -3*z + 1293 = d*b, -2*z = -4*b + b - 862. Is z composite?
False
Suppose 0 = 48*f - 300 - 420. Suppose -3*v = -f*d + 16*d - 59434, v - d - 19810 = 0. Is v prime?
False
Let q(n) = 697*n - 8. Let m(i) = -465*i + 5. Let y(l) = 7*m(l) + 5*q(l). Is y(32) a prime number?
False
Let v be (34 - 1) + (5 - 3). Suppose 1124 = -v*c + 31*c. Let s = 468 + c. Is s prime?
False
Let b = 84 - 86. Let h be ((-2)/(-4) + 1 + -3)*b. Is (2/h - 90/(-27)) + 1357 prime?
True
Let y(m) = 332*m**2 - 237*m + 2480. Is y(11) composite?
True
Suppose -6*k - 2*c - 20 = -2*k, -c + 2 = 0. Is 16149 + k*(-5 + 6) composite?
True
Let r be ((-1)/(2 - 1))/(13/(-104)). Suppose 0 = -4*d + 3*d - r. Let s(g) = 53*g**2 + 5*g - 9. Is s(d) prime?
True
Suppose 3*r = -0*r - 3*q + 41130, 4*r - 54830 = 6*q. Is r a prime number?
True
Let y be (-2)/(-6)*-8*(8 - 14). Suppose y*j - 20552 = 8*j. Is j a prime number?
False
Let w = -1941 + 1941. Let j = 2851 - 785. Suppose -m - 3*m + 5*z + j = w, 4*z = 5*m - 2587. Is m a prime number?
False
Let u(p) = p**3 - 8*p**2 + 12*p - 30. Let y be u(7). Suppose y*c = -x - 1646 + 5104, 4*c = 2*x + 2758. Let d = 1974 - c. Is d a prime number?
True
Suppose 4*c = 2*f - 1288 - 1734, 4*f = -2*c - 1496. Let q = 3475 + c. Is q a prime number?
False
Let y(n) = 57*n**2 - 21*n - 509. Is y(-23) composite?
True
Suppose 7*w - 75 = -40. Suppose 2*d - c - 1490 = 0, w*d - 6*d + 745 = 5*c. Is d a composite number?
True
Let u be 39 - 1132 - (-1 + -1). Let n = u + 2046. Is n a prime number?
False
Is -190 - -188 - ((-120002)/2)/(1 + 0) composite?
False
Suppose -11*r - 154*r + 9649695 = 0. Is r a composite number?
True
Suppose -20*b = -6*b - 444080. Suppose b = 7*f - 6843. Is f a composite number?
True
Let o(r) = 1747*r + 2093. Is o(32) a composite number?
True
Suppose -2*k + 49027 - 10629 = 0. Suppose -5*y + k + 13046 = 0. Is y prime?
True
Suppose 0 = -3*i + 790 + 932. Let y be ((-1359)/(-12))/(i/(-144) - -4). Suppose 10*x - 3056 = y. Is x composite?
True
Let x be (16038/(-24))/((-48)/(-128)). Let f be -1 - ((0 - -578) + 1). Let r = f - x. Is r a prime number?
False
Let u(w) = -5*w**2 + 14*w - 4. Let m be u(2). Suppose m = r, -14*r = -i - 9*r + 3573. Is i composite?
False
Suppose -4 = -3*a + a. Let f(g) = 429*g**2 + 2*g - 2. Is f(a) prime?
False
Suppose -24 = -3*y - 4*m, -y - 2*y + 33 = m. Let n = y + 1061. Is n prime?
False
Is (154/66)/(8/306984) a prime number?
False
Let k(d) = 28741*d + 2568. Is k(5) prime?
True
Let x be (-14)/(-35) - 51/15. Let y be (-919)/x + 5*(-4)/(-30). Suppose 7*u = 8*u - y. Is u prime?
True
Let g = 339271 + 127492. Is g prime?
False
Suppose -4*u + 521 = 77. Suppose 3*p + 624 = 3*o, 3*o - 5*p + p = 620. Suppose o = n - u. Is n a composite number?
True
Let i be (0 - 3) + (-1692)/(-12). Let n = 859 - i. Is n a prime number?
False
Let t(m) = 22*m**2 - 6*m - 2. Let k be t(-1). Suppose -22*h = -k*h + 15628. Is h composite?
False
Let d = -174 + 117. Let c = -47 - d. Suppose 22718 = c*m - 46332. Is m composite?
True
Suppose 2*o - 18*o = 0. Suppose -2*v + 2*p + 29652 = o, 7*p - 14822 = -v + 12*p. Is v a prime number?
True
Suppose -5*j + 10 = 4*i - 21, 4*j + 8 = 5*i. Suppose j = -9*g + 10*g. Suppose -h = g*b - 6*h - 931, -2*h = 2*b - 610. Is b a composite number?
False
Suppose -4*k + 5*h = 79173, 15*k + 79185 = 11*k + h. Is (k/18)/(1/(-6)) a composite number?
False
Let l(y) = y**3 - 81*y**2 - 197*y - 72. Is l(95) a prime number?
True
Let n(h) = 122*h**2 + 6*h + 73. Is n(-12) a composite number?
False
Suppose -b = 2*t + 543, -3*t = -b - 3*b - 2139. Let k = b + 5231. Is k a composite number?
True
Suppose -k + 51586 = 2*a, -5*a + 273*k = 272*k - 128965. Is a a prime number?
True
Let p be (0 - -205)/(-7*(-12)/84). Let a = p + 546. Is a composite?
False
Let y be (5 - 12/3)/(7/3962). Let q = 14 - 10. Suppose -q*j + 3106 = y. Is j prime?
False
Let w = -35506 + 66549. Is w composite?
True
Let p be ((-618)/(-9))/((-4)/(-150)). Let g = -16 - -24. Suppose -g*m + p = -3*m. Is m a composite number?
True
Suppose -3*b + 59409 = 4*n, 15 = -11*n - 18. Is b a prime number?
False
Let l(y) = -y**2 + 6*y + 114. Let b be l(15). Let i(q) = q**3 + 46*q**2 + 25*q + 17. Is i(b) a prime number?
False
Suppose i = -3*g + 1752, -5*g + 1686 + 74 = i. Let h = i + 1671. Let l = -1718 + h. Is l a prime number?
True
Let y(a) be the second derivative of 2030*a**4/3 - 5*a**3/6 + 2*a**2 + 10*a. Let t be y(1). Suppose 3*j - 3*r = -7*r + t, j - 4*r = 2701. Is j composite?
True
Let n be ((-1)/1)/(6/96*-4). Let p be 6/10*(-9 + n). Is (-3682)/(-8)*(-16)/(12/p) prime?
False
Suppose 145*c = 138*c + 36043. Suppose 5 - 14 = 3*h, -c = -g - 3*h. Is g composite?
True
Is -24*22/3168 - 2/(12/(-235759)) a prime number?
True
Let a = 63973 + 29216. Is a composite?
True
Let n be 5 - ((-4)/(-2) + 3). Let g be (-2 + (-2 - n))*(-5)/4. Suppose 5*a - 3*a + 335 = k, g*a = -2*k + 652. Is k a prime number?
True
Suppose 128 = 7*i - 68. Is 2018*(-7)/i*-2 a composite number?
False
Let q = -42 - -44. Suppose -3*h + 5*h - q = 0, -1477 = -3*u + 2*h. Is u prime?
False
Suppose 9*x + 81044 - 21875 = 42*x. Is x prime?
False
Suppose -g - 33115 + 130572 = 2*x, 0 = -3*g - 4*x + 292371. Is g a prime number?
False
Let n = -433 - -436. Suppose 25*r - 19777 = -2*u + 20*r, -n*r - 29718 = -3*u. Is u a composite number?
False
Suppose -5*z = -3*y + 5157, -5*y - 486 = 2*z + 1583. Let d be -1 + (3*1)/((-18)/z). Let m = 367 + d. Is m a composite number?
True
Is 284313/(-2)*108/(-162) composite?
False
Let q = 6 + 54. Suppose -3*o = 3*o - q. Suppose -o*a - 9*a = -20653. Is a a prime number?
True
Suppose -36*w = -8*w - 224. Suppose -3*b + 9003 = -w*y + 5*y, 2*b - 6008 = 5*y. Is b a composite number?
False
Let y = 713670 + -411119. Is y composite?
False
Suppose 49292*f + 3414053 = 49311*f. Is f composite?
False
Suppose 809668 = 35*a - 712467 + 391040. Is a a prime number?
False
Suppose -4*t - 5*o = -3*o + 14, -t + 3*o = -14. Suppose -y - 32 = -5*s, 41*y - 42*y + s = 24. Let b = t - y. Is b composite?
True
Let t(m) be the second derivative of m**5/10 + m**4/3 + m**3/3 + 5*m**2/2 + 104*m. Is t(5) a prime number?
False
Let h(a) = a**3 + 19*a**2 - 7. Let j be h(-19). Let o(i) = 178*i**2 - 14*i + 41. Is o(j) prime?
True
Let h(g) = g**3 - 40*g**2 + 248*g + 78. Is h(37) a composite number?
False
Suppose 9*i - 41630 + 4910 = 0. Suppose -z + 2035 = s, 0*z + i = 2*s - 3*z. Suppose 4*f + s = 2*g + 3*g, 2039 = 5*g - 3*f. Is g a prime number?
True
Let w be 4/(-6)*(-14 - 1). Suppose -2 - w = -4*m. Suppose 381 + 54 = m*d. Is d a prime number?
False
Suppose -606 = -v - 2*w + 1600, 2*v = -3*w + 4416. Suppose 3*l - 7125 + v = 0. Is l composite?
False
Let p(n) = 98*n**3 + 2*n**2 + 2*n - 18. Let b(u) = u**3 - u + 1. Let o(c) = 5*b(c) + p(c). Is o(4) composite?
False
Let i(x) be the first derivative of 3011*x**5/20 - x**4/12 + x**2/2 - 23*x - 16. Let z(c) be the first derivative of i(c). Is z(1) a prime number?
True
Let v be (2/(-3))/((-114)/36 + 3). Let p(f) be the first derivative of f**4 + f**3/3 - 5*f**2/2 - f + 2. Is p(v) a prime number?
True
Suppose -4*w - 3259 = 62193. Let p = 24824 + w. Is p a prime number?
True
Let s = -405056 + 736617. Is s a composite number?
True
Suppose 1937361 = 30*v - 27*v + o, v - 645787 = 4*o. Is v a prime number?
True
Let f(l) = -2001*l**3 + 22*l**2 + 85*l - 29. Is f(-6) a prime number?
False
Suppose 4*y - 12 = -0*x + 4*x, -29 = -2*x - 5*y. Suppose -4*o + 7*o + 343 = 2*r, -x*o = r - 154. Suppose -c + 3*a + r = -0*c, -5*c = 4*a - 725. Is c composite?
False
Suppose 2*g = 3*m - 465 - 450, 3*m - g - 915 = 0. Let v = m - 144. Is v a composite number?
True
Suppose -7*d + 68 - 26 = 0. Let m(u) = -27 - 10*u + 6 - d*u. Is m(-20) a composite number?
True
Suppose 3*s - 4*u - 18323 = 0, 3*s - 4*u - 30541 = -2*s. Is s composite?
True
Suppose -63*z + 64*z - 270673 = 2*k, 4*k = 5*z - 1353395. Is z prime?
False
Suppose 0 = -15*d + 423227 + 696695 - 351667. Is d a composite number?
False
Suppose 368*r - 193*r - 4088525 = 0. Is r a prime number?
False
Suppose 4*z + 9 - 26 = n, -4*n = -4*z + 8. Suppose o + 19255 = z*k - 5045, 4*k - 3*o - 19429 = 0. Is k prime?
True
Suppose -12*f = 4*f - 630911 - 593. Is f a prime number?
False
Let z be 73474/